 16 and 28416.
16
Calculate the greatest common factor of 17 and 425.
17
Calculate the highest common divisor of 24 and 4344.
24
Calculate the highest common divisor of 799 and 47.
47
Calculate the highest common factor of 313 and 5.
1
Calculate the greatest common divisor of 408 and 4794.
102
Calculate the greatest common divisor of 27 and 43929.
27
What is the greatest common divisor of 528 and 72?
24
What is the greatest common factor of 40 and 584?
8
Calculate the highest common divisor of 2908 and 36.
4
Calculate the greatest common divisor of 224 and 7.
7
Calculate the highest common divisor of 13 and 65.
13
What is the greatest common divisor of 32 and 976?
16
Calculate the greatest common factor of 5134 and 85.
17
Calculate the highest common factor of 259 and 7.
7
What is the highest common divisor of 109 and 436?
109
Calculate the highest common factor of 16 and 912.
16
Calculate the highest common factor of 9424 and 32.
16
Calculate the highest common factor of 3689 and 51.
17
What is the greatest common factor of 4 and 418?
2
Calculate the highest common divisor of 198 and 165.
33
What is the highest common divisor of 392 and 8?
8
What is the highest common factor of 88 and 66?
22
What is the greatest common divisor of 258 and 48?
6
What is the highest common factor of 13664 and 28?
28
Calculate the highest common divisor of 5593 and 119.
119
Calculate the greatest common factor of 35387 and 11.
11
What is the greatest common divisor of 76 and 1178?
38
Calculate the highest common divisor of 6 and 24.
6
Calculate the greatest common factor of 6 and 3858.
6
What is the highest common divisor of 1057 and 28?
7
Calculate the highest common factor of 7991 and 183.
61
What is the greatest common factor of 9 and 18432?
9
Calculate the highest common divisor of 65 and 25.
5
What is the greatest common divisor of 54 and 31158?
54
Calculate the greatest common factor of 506 and 3312.
46
What is the greatest common factor of 5525 and 34?
17
What is the greatest common factor of 1377 and 2499?
51
Calculate the greatest common factor of 216 and 2104.
8
What is the greatest common divisor of 21 and 147?
21
Calculate the highest common divisor of 205 and 64985.
205
What is the highest common divisor of 2678 and 52?
26
Calculate the greatest common factor of 904 and 3503.
113
What is the highest common factor of 980 and 20?
20
What is the highest common divisor of 1921 and 17?
17
What is the greatest common factor of 400 and 4175?
25
Calculate the greatest common factor of 11991 and 42.
21
Calculate the highest common divisor of 6088 and 16.
8
Calculate the highest common factor of 273 and 42.
21
Calculate the greatest common factor of 12 and 15312.
12
Calculate the highest common divisor of 3381 and 1242.
69
Calculate the greatest common divisor of 12005 and 98.
49
Calculate the highest common factor of 1034 and 44.
22
Calculate the highest common divisor of 114 and 6.
6
What is the highest common divisor of 20 and 1732?
4
Calculate the greatest common factor of 455 and 1170.
65
What is the highest common factor of 2826 and 1570?
314
What is the greatest common divisor of 1428 and 595?
119
What is the highest common divisor of 178 and 3827?
89
Calculate the greatest common factor of 152 and 513.
19
What is the greatest common divisor of 108 and 27?
27
Calculate the highest common divisor of 116 and 10034.
58
What is the greatest common divisor of 846 and 752?
94
What is the greatest common divisor of 2 and 9?
1
Calculate the highest common divisor of 28 and 128.
4
What is the greatest common factor of 6 and 258?
6
Calculate the highest common divisor of 20737 and 699.
233
What is the greatest common factor of 52 and 897?
13
What is the highest common divisor of 378 and 28?
14
What is the highest common factor of 24 and 1194?
6
What is the highest common divisor of 310 and 9920?
310
Calculate the greatest common factor of 12 and 144708.
12
What is the highest common factor of 14 and 1834?
14
What is the highest common divisor of 12 and 508?
4
What is the greatest common divisor of 3845 and 5?
5
Calculate the greatest common factor of 15 and 119535.
15
Calculate the highest common factor of 151 and 9.
1
What is the greatest common factor of 18 and 5706?
18
What is the highest common divisor of 250 and 50?
50
What is the highest common divisor of 40 and 136?
8
What is the highest common divisor of 20 and 2620?
20
Calculate the greatest common divisor of 8 and 13.
1
Calculate the greatest common divisor of 57 and 874.
19
Calculate the greatest common divisor of 204 and 306.
102
What is the greatest common divisor of 240 and 210?
30
Calculate the greatest common divisor of 1656 and 8418.
138
Calculate the greatest common divisor of 255 and 5015.
85
Calculate the greatest common divisor of 21 and 336.
21
Calculate the highest common factor of 531 and 27.
9
Calculate the highest common factor of 50379 and 21.
21
What is the highest common factor of 5994 and 1134?
162
Calculate the greatest common factor of 841 and 87.
29
Calculate the greatest common divisor of 336 and 136.
8
What is the greatest common factor of 3762 and 1716?
66
Calculate the highest common divisor of 2 and 17.
1
Calculate the greatest common factor of 10 and 1270.
10
Calculate the greatest common divisor of 62 and 9362.
62
What is the greatest common factor of 592 and 64?
16
What is the greatest common factor of 40567 and 113?
113
Calculate the greatest common factor of 1500 and 12.
12
Calculate the highest common factor of 48 and 4.
4
Calculate the greatest common factor of 1215 and 45.
45
What is the highest common factor of 5056 and 948?
316
Calculate the greatest common divisor of 1080 and 90.
90
Calculate the highest common factor of 14999 and 106.
53
Calculate the greatest common factor of 14 and 70.
14
What is the greatest common divisor of 399 and 84?
21
What is the greatest common factor of 10 and 580?
10
Calculate the highest common factor of 427 and 35.
7
Calculate the highest common factor of 20 and 5.
5
Calculate the highest common divisor of 95 and 4997.
19
What is the greatest common factor of 408 and 2?
2
Calculate the highest common divisor of 708 and 30.
6
What is the greatest common divisor of 144 and 208?
16
Calculate the highest common factor of 782 and 46.
46
Calculate the highest common divisor of 18 and 2529.
9
Calculate the greatest common factor of 6603 and 426.
213
Calculate the greatest common divisor of 294 and 56.
14
What is the highest common factor of 5616 and 416?
208
Calculate the highest common factor of 2847 and 78.
39
Calculate the greatest common factor of 93 and 1085.
31
Calculate the highest common divisor of 168 and 231.
21
Calculate the highest common divisor of 7 and 34181.
7
What is the highest common divisor of 54 and 621?
27
Calculate the highest common divisor of 869 and 3160.
79
Calculate the highest common factor of 130 and 610.
10
What is the highest common factor of 642 and 6?
6
Calculate the greatest common factor of 514 and 6.
2
Calculate the highest common divisor of 1189 and 58.
29
Calculate the greatest common factor of 12 and 1956.
12
What is the highest common factor of 6647 and 46?
23
What is the greatest common factor of 108 and 297?
27
What is the greatest common divisor of 30 and 219?
3
What is the greatest common divisor of 2 and 22?
2
What is the greatest common factor of 143 and 869?
11
Calculate the highest common divisor of 12 and 45.
3
What is the highest common factor of 148 and 10?
2
Calculate the greatest common factor of 102 and 2074.
34
What is the highest common factor of 350 and 75?
25
Calculate the highest common divisor of 415 and 10.
5
Calculate the greatest common factor of 171 and 9.
9
What is the greatest common divisor of 7 and 1043?
7
Calculate the greatest common factor of 1052 and 3945.
263
Calculate the greatest common factor of 3127 and 159.
53
What is the highest common divisor of 16 and 3156?
4
What is the highest common factor of 920 and 14490?
230
What is the highest common factor of 1162 and 249?
83
What is the highest common divisor of 76 and 760?
76
Calculate the greatest common divisor of 640 and 10.
10
What is the greatest common divisor of 46 and 115?
23
What is the greatest common 